{"id":28,"date":"2011-03-07T20:05:48","date_gmt":"2011-03-07T19:05:48","guid":{"rendered":"https:\/\/www.salonsmariage.com\/index\/?page_id=28"},"modified":"2025-03-31T16:49:27","modified_gmt":"2025-03-31T15:49:27","slug":"salons-du-mariage-present-dans-le-gard","status":"publish","type":"page","link":"https:\/\/www.salonsmariage.com\/index\/salons-du-mariage-present-dans-le-gard\/","title":{"rendered":"GARD"},"content":{"rendered":"\t\t<div data-elementor-type=\"wp-page\" data-elementor-id=\"28\" class=\"elementor elementor-28\" data-elementor-post-type=\"page\">\n\t\t\t\t\t\t<section class=\"elementor-section elementor-top-section elementor-element elementor-element-6710b889 elementor-section-boxed elementor-section-height-default elementor-section-height-default\" data-id=\"6710b889\" data-element_type=\"section\" data-e-type=\"section\">\n\t\t\t\t\t\t<div class=\"elementor-container elementor-column-gap-default\">\n\t\t\t\t\t<div class=\"elementor-column elementor-col-50 elementor-top-column elementor-element elementor-element-6cad9ad5\" data-id=\"6cad9ad5\" data-element_type=\"column\" data-e-type=\"column\">\n\t\t\t<div class=\"elementor-widget-wrap elementor-element-populated\">\n\t\t\t\t\t\t<div class=\"elementor-element elementor-element-2187f212 elementor-widget elementor-widget-heading\" data-id=\"2187f212\" data-element_type=\"widget\" data-e-type=\"widget\" data-widget_type=\"heading.default\">\n\t\t\t\t<div class=\"elementor-widget-container\">\n\t\t\t\t\t<h2 class=\"elementor-heading-title elementor-size-default\">SALON DU MARIAGE DE NIMES<\/h2>\t\t\t\t<\/div>\n\t\t\t\t<\/div>\n\t\t\t\t<div class=\"elementor-element elementor-element-193a8ad6 elementor-widget__width-auto elementor-widget elementor-widget-image\" data-id=\"193a8ad6\" data-element_type=\"widget\" data-e-type=\"widget\" data-settings=\"{&quot;motion_fx_translateY_effect&quot;:&quot;yes&quot;,&quot;motion_fx_translateY_direction&quot;:&quot;negative&quot;,&quot;motion_fx_translateY_speed&quot;:{&quot;unit&quot;:&quot;px&quot;,&quot;size&quot;:&quot;1&quot;,&quot;sizes&quot;:[]},&quot;motion_fx_motion_fx_scrolling&quot;:&quot;yes&quot;,&quot;motion_fx_translateY_affectedRange&quot;:{&quot;unit&quot;:&quot;%&quot;,&quot;size&quot;:&quot;&quot;,&quot;sizes&quot;:{&quot;start&quot;:0,&quot;end&quot;:100}},&quot;motion_fx_devices&quot;:[&quot;desktop&quot;,&quot;tablet&quot;,&quot;mobile&quot;]}\" data-widget_type=\"image.default\">\n\t\t\t\t<div class=\"elementor-widget-container\">\n\t\t\t\t\t\t\t\t\t\t\t\t\t\t\t<img fetchpriority=\"high\" decoding=\"async\" width=\"2560\" height=\"1440\" src=\"https:\/\/www.salonsmariage.com\/index\/wp-content\/uploads\/2021\/05\/Homme-qui-defile.jpg\" class=\"attachment-full size-full wp-image-3895\" alt=\"\" srcset=\"https:\/\/www.salonsmariage.com\/index\/wp-content\/uploads\/2021\/05\/Homme-qui-defile.jpg 2560w, https:\/\/www.salonsmariage.com\/index\/wp-content\/uploads\/2021\/05\/Homme-qui-defile-600x338.jpg 600w, https:\/\/www.salonsmariage.com\/index\/wp-content\/uploads\/2021\/05\/Homme-qui-defile-300x169.jpg 300w, https:\/\/www.salonsmariage.com\/index\/wp-content\/uploads\/2021\/05\/Homme-qui-defile-1024x576.jpg 1024w, https:\/\/www.salonsmariage.com\/index\/wp-content\/uploads\/2021\/05\/Homme-qui-defile-768x432.jpg 768w, https:\/\/www.salonsmariage.com\/index\/wp-content\/uploads\/2021\/05\/Homme-qui-defile-1536x864.jpg 1536w, https:\/\/www.salonsmariage.com\/index\/wp-content\/uploads\/2021\/05\/Homme-qui-defile-2048x1152.jpg 2048w\" sizes=\"(max-width: 2560px) 100vw, 2560px\">\t\t\t\t\t\t\t\t\t\t\t\t\t\t\t<\/div>\n\t\t\t\t<\/div>\n\t\t\t\t\t<\/div>\n\t\t<\/div>\n\t\t\t\t<div class=\"elementor-column elementor-col-50 elementor-top-column elementor-element elementor-element-702fef5d\" data-id=\"702fef5d\" data-element_type=\"column\" data-e-type=\"column\">\n\t\t\t<div class=\"elementor-widget-wrap elementor-element-populated\">\n\t\t\t\t\t\t<div class=\"elementor-element elementor-element-17c07d33 elementor-widget elementor-widget-image\" data-id=\"17c07d33\" data-element_type=\"widget\" data-e-type=\"widget\" data-widget_type=\"image.default\">\n\t\t\t\t<div class=\"elementor-widget-container\">\n\t\t\t\t\t\t\t\t\t\t\t\t\t\t\t<img decoding=\"async\" width=\"800\" height=\"334\" src=\"https:\/\/www.salonsmariage.com\/index\/wp-content\/uploads\/2021\/05\/BG-home-new6-1024x427.png\" class=\"attachment-large size-large wp-image-3485\" alt=\"\" srcset=\"https:\/\/www.salonsmariage.com\/index\/wp-content\/uploads\/2021\/05\/BG-home-new6-1024x427.png 1024w, https:\/\/www.salonsmariage.com\/index\/wp-content\/uploads\/2021\/05\/BG-home-new6-600x250.png 600w, https:\/\/www.salonsmariage.com\/index\/wp-content\/uploads\/2021\/05\/BG-home-new6-300x125.png 300w, https:\/\/www.salonsmariage.com\/index\/wp-content\/uploads\/2021\/05\/BG-home-new6-768x320.png 768w, https:\/\/www.salonsmariage.com\/index\/wp-content\/uploads\/2021\/05\/BG-home-new6-1536x640.png 1536w, https:\/\/www.salonsmariage.com\/index\/wp-content\/uploads\/2021\/05\/BG-home-new6.png 1920w\" sizes=\"(max-width: 800px) 100vw, 800px\">\t\t\t\t\t\t\t\t\t\t\t\t\t\t\t<\/div>\n\t\t\t\t<\/div>\n\t\t\t\t<div class=\"elementor-element elementor-element-3a22fb83 elementor-widget elementor-widget-text-editor\" data-id=\"3a22fb83\" data-element_type=\"widget\" data-e-type=\"widget\" data-widget_type=\"text-editor.default\">\n\t\t\t\t<div class=\"elementor-widget-container\">\n\t\t\t\t\t\t\t\t\t<p>Suite \u00e0 la demande d\u2019un grand nombre de professionnels du mariage mais aussi de particuliers de N\u00eemes, nous avons d\u00e9cid\u00e9 de cr\u00e9er le salon du mariage de N\u00eemes en 2010 !<\/p><p>Le dernier salon du mariage de N\u00eemes sign\u00e9 ID Organisation s&rsquo;est tenu les 6 &amp; 7 octobre 2012, \u00e0 l\u2019h\u00f4tel Holiday Inn de N\u00eemes, \u00e0 deux pas du parc des expositions de N\u00eemes. Le salon du mariage, c&rsquo;est un cadre feutr\u00e9 et cosy pour un rendu hors du commun !<\/p><p>Pour plus d\u2019informations, horaires, plans, d\u00e9fil\u00e9s\u2026 Rendez-vous sur la page\u00a0<a style=\"font-family: var( --e-global-typography-text-font-family ), Sans-serif; font-weight: var( --e-global-typography-text-font-weight );\" href=\"https:\/\/www.salonsmariage.com\/index\/salon-du-mariage-de-nimes\/\" target=\"_blank\" rel=\"noopener\">\u00absalon du mariage N\u00eemes\u00bb<\/a><\/p><p>Ce salon n&rsquo;est pas reconduit cette saison 2024-2024.\u00a0<\/p>\t\t\t\t\t\t\t\t<\/div>\n\t\t\t\t<\/div>\n\t\t\t\t\t<\/div>\n\t\t<\/div>\n\t\t\t\t\t<\/div>\n\t\t<\/section>\n\t\t\t\t<section class=\"elementor-section elementor-top-section elementor-element elementor-element-9b7cb58 elementor-section-boxed elementor-section-height-default elementor-section-height-default\" data-id=\"9b7cb58\" data-element_type=\"section\" data-e-type=\"section\">\n\t\t\t\t\t\t<div class=\"elementor-container elementor-column-gap-default\">\n\t\t\t\t\t<div class=\"elementor-column elementor-col-100 elementor-top-column elementor-element elementor-element-800b32e\" data-id=\"800b32e\" data-element_type=\"column\" data-e-type=\"column\">\n\t\t\t<div class=\"elementor-widget-wrap elementor-element-populated\">\n\t\t\t\t\t\t<div class=\"elementor-element elementor-element-62bc447 elementor-widget__width-initial elementor-fixed elementor-widget elementor-widget-button\" data-id=\"62bc447\" data-element_type=\"widget\" data-e-type=\"widget\" data-settings=\"{&quot;_position&quot;:&quot;fixed&quot;}\" data-widget_type=\"button.default\">\n\t\t\t\t<div class=\"elementor-widget-container\">\n\t\t\t\t\t\t\t\t\t<div class=\"elementor-button-wrapper\">\n\t\t\t\t\t<a class=\"elementor-button elementor-button-link elementor-size-md\" href=\"mailto:servicecom@id-organisation.com\" target=\"_blank\">\n\t\t\t\t\t\t<span class=\"elementor-button-content-wrapper\">\n\t\t\t\t\t\t<span class=\"elementor-button-icon\">\n\t\t\t\t<i aria-hidden=\"true\" class=\"fas fa-envelope\"><\/i>\t\t\t<\/span>\n\t\t\t\t\t\t\t\t<\/span>\n\t\t\t\t\t<\/a>\n\t\t\t\t<\/div>\n\t\t\t\t\t\t\t\t<\/div>\n\t\t\t\t<\/div>\n\t\t\t\t\t<\/div>\n\t\t<\/div>\n\t\t\t\t\t<\/div>\n\t\t<\/section>\n\t\t\t\t<\/div>\n\t\t","protected":false},"excerpt":{"rendered":"<p>SALON DU MARIAGE DE NIMES Suite \u00e0 la demande d\u2019un grand nombre de professionnels du mariage mais aussi de particuliers de N\u00eemes, nous avons d\u00e9cid\u00e9 de cr\u00e9er le salon du mariage de N\u00eemes en 2010 ! Le dernier salon du mariage de N\u00eemes sign\u00e9 ID Organisation s&rsquo;est tenu les 6 &amp; 7 octobre 2012, \u00e0 [&hellip;]<\/p>\n","protected":false},"author":1,"featured_media":0,"parent":0,"menu_order":0,"comment_status":"closed","ping_status":"open","template":"elementor_header_footer","meta":{"_acf_changed":false,"footnotes":""},"class_list":["post-28","page","type-page","status-publish","hentry"],"acf":[],"_links":{"self":[{"href":"https:\/\/www.salonsmariage.com\/index\/wp-json\/wp\/v2\/pages\/28","targetHints":{"allow":["GET"]}}],"collection":[{"href":"https:\/\/www.salonsmariage.com\/index\/wp-json\/wp\/v2\/pages"}],"about":[{"href":"https:\/\/www.salonsmariage.com\/index\/wp-json\/wp\/v2\/types\/page"}],"author":[{"embeddable":true,"href":"https:\/\/www.salonsmariage.com\/index\/wp-json\/wp\/v2\/users\/1"}],"replies":[{"embeddable":true,"href":"https:\/\/www.salonsmariage.com\/index\/wp-json\/wp\/v2\/comments?post=28"}],"version-history":[{"count":0,"href":"https:\/\/www.salonsmariage.com\/index\/wp-json\/wp\/v2\/pages\/28\/revisions"}],"wp:attachment":[{"href":"https:\/\/www.salonsmariage.com\/index\/wp-json\/wp\/v2\/media?parent=28"}],"curies":[{"name":"wp","href":"https:\/\/api.w.org\/{rel}","templated":true}]}}